 of 3938 and 44?
22
What is the highest common divisor of 624 and 1482?
78
Calculate the highest common factor of 434 and 31.
31
Calculate the greatest common divisor of 7 and 1183.
7
What is the highest common factor of 6566 and 196?
98
Calculate the highest common divisor of 274 and 1370.
274
What is the greatest common divisor of 99 and 33?
33
Calculate the highest common divisor of 890 and 10.
10
What is the greatest common divisor of 24 and 840?
24
Calculate the highest common divisor of 12 and 354.
6
What is the greatest common divisor of 1155 and 420?
105
Calculate the greatest common divisor of 42 and 66.
6
What is the greatest common factor of 1 and 34?
1
Calculate the highest common divisor of 3563 and 7.
7
What is the greatest common divisor of 134 and 8?
2
Calculate the greatest common divisor of 162 and 354.
6
What is the highest common factor of 54 and 82?
2
What is the highest common factor of 4210 and 10?
10
What is the highest common factor of 103 and 1751?
103
What is the greatest common divisor of 96 and 17616?
48
Calculate the greatest common divisor of 243 and 5184.
81
What is the greatest common factor of 5055 and 15?
15
What is the highest common factor of 14 and 32?
2
Calculate the highest common divisor of 27 and 126.
9
What is the greatest common factor of 4352 and 136?
136
What is the highest common divisor of 8 and 92?
4
What is the highest common factor of 136 and 442?
34
What is the highest common factor of 273 and 11375?
91
Calculate the greatest common divisor of 1869 and 445.
89
Calculate the greatest common factor of 1600 and 500.
100
Calculate the greatest common divisor of 99 and 297.
99
What is the highest common factor of 122 and 427?
61
What is the greatest common divisor of 5 and 755?
5
Calculate the highest common divisor of 31 and 4.
1
What is the greatest common factor of 162 and 135?
27
Calculate the greatest common factor of 36 and 54.
18
What is the highest common divisor of 672 and 28?
28
Calculate the greatest common factor of 52 and 91.
13
What is the highest common divisor of 95 and 170?
5
Calculate the highest common divisor of 56 and 448.
56
Calculate the greatest common divisor of 22539 and 33.
33
What is the greatest common factor of 22 and 4741?
11
Calculate the highest common factor of 2336 and 32.
32
Calculate the highest common divisor of 14 and 12222.
14
Calculate the greatest common divisor of 109 and 4033.
109
What is the highest common factor of 99 and 1287?
99
Calculate the highest common factor of 264 and 48.
24
What is the greatest common factor of 3531 and 33?
33
What is the highest common divisor of 30 and 930?
30
Calculate the greatest common divisor of 25 and 200.
25
What is the greatest common factor of 4255 and 460?
115
What is the highest common factor of 42 and 56?
14
Calculate the greatest common factor of 1100 and 264.
44
Calculate the highest common divisor of 22 and 1265.
11
Calculate the highest common factor of 437 and 95.
19
What is the highest common divisor of 1290 and 60?
30
What is the highest common factor of 472 and 295?
59
Calculate the highest common divisor of 125 and 50.
25
What is the highest common factor of 3597 and 165?
33
Calculate the greatest common divisor of 10510 and 10.
10
Calculate the greatest common divisor of 33 and 7062.
33
What is the highest common divisor of 1189 and 261?
29
Calculate the greatest common factor of 110 and 80.
10
Calculate the greatest common factor of 441 and 98.
49
What is the greatest common factor of 1557 and 9?
9
Calculate the highest common divisor of 68 and 2040.
68
Calculate the greatest common divisor of 270 and 20.
10
What is the greatest common divisor of 2465 and 255?
85
What is the greatest common divisor of 1133 and 33?
11
What is the highest common factor of 52 and 44?
4
What is the highest common divisor of 2980 and 2086?
298
Calculate the highest common factor of 28 and 35560.
28
What is the greatest common factor of 5777 and 106?
53
Calculate the highest common divisor of 25012 and 148.
148
What is the greatest common divisor of 5597 and 386?
193
Calculate the greatest common divisor of 256 and 4.
4
What is the highest common factor of 116 and 19604?
116
What is the greatest common divisor of 143 and 3718?
143
What is the greatest common factor of 2870 and 287?
287
What is the highest common factor of 144 and 96?
48
Calculate the greatest common factor of 575 and 69.
23
What is the highest common divisor of 8 and 324?
4
Calculate the highest common factor of 22 and 550.
22
What is the greatest common divisor of 44 and 550?
22
Calculate the highest common factor of 447 and 3.
3
What is the highest common divisor of 12 and 5892?
12
What is the highest common divisor of 20 and 1420?
20
What is the greatest common factor of 193 and 52303?
193
Calculate the highest common divisor of 61744 and 272.
272
Calculate the highest common divisor of 2096 and 88.
8
What is the highest common divisor of 32037 and 354?
177
Calculate the greatest common factor of 222 and 6142.
74
What is the highest common factor of 960 and 165?
15
What is the highest common factor of 1326 and 2808?
78
Calculate the greatest common factor of 18 and 5985.
9
What is the greatest common factor of 265 and 212?
53
What is the greatest common factor of 2491 and 318?
53
What is the greatest common factor of 237 and 8137?
79
What is the highest common factor of 549 and 3904?
61
What is the greatest common divisor of 759 and 276?
69
Calculate the highest common factor of 32 and 12.
4
What is the highest common factor of 108 and 196?
4
Calculate the greatest common factor of 32 and 1.
1
Calculate the highest common factor of 496 and 2542.
62
What is the greatest common divisor of 695 and 155?
5
What is the highest common factor of 504 and 72?
72
What is the greatest common factor of 16 and 68?
4
What is the greatest common factor of 12840 and 12?
12
What is the greatest common divisor of 10326 and 6?
6
Calculate the highest common factor of 48566 and 28.
14
What is the greatest common divisor of 7420 and 14?
14
What is the highest common factor of 39 and 2275?
13
What is the highest common factor of 247 and 1079?
13
Calculate the highest common factor of 75 and 950.
25
What is the highest common divisor of 43813 and 154?
77
What is the greatest common factor of 624 and 24?
24
Calculate the greatest common factor of 909 and 202.
101
What is the greatest common divisor of 29 and 9077?
29
Calculate the greatest common divisor of 6 and 963.
3
Calculate the greatest common factor of 8 and 43696.
8
Calculate the greatest common divisor of 20 and 500.
20
Calculate the highest common factor of 535 and 55.
5
What is the greatest common factor of 497 and 142?
71
Calculate the greatest common divisor of 330 and 45.
15
What is the greatest common factor of 50 and 25?
25
What is the highest common factor of 18 and 54?
18
Calculate the highest common factor of 45 and 75.
15
What is the highest common factor of 428 and 2?
2
What is the greatest common factor of 143 and 5837?
13
Calculate the greatest common factor of 12095 and 1435.
205
Calculate the highest common factor of 992 and 96.
32
Calculate the highest common factor of 15151 and 109.
109
Calculate the greatest common factor of 742 and 112.
14
What is the greatest common divisor of 273 and 624?
39
What is the greatest common factor of 4408 and 116?
116
Calculate the highest common divisor of 624 and 507.
39
Calculate the highest common factor of 18 and 126.
18
What is the highest common divisor of 24 and 952?
8
Calculate the highest common factor of 8 and 104.
8
What is the greatest common divisor of 906 and 54?
6
What is the greatest common divisor of 231 and 273?
21
What is the highest common factor of 140 and 21?
7
What is the greatest common factor of 12 and 213?
3
Calculate the greatest common factor of 5267 and 229.
229
What is the highest common divisor of 861 and 105?
21
Calculate the greatest common divisor of 34 and 119.
17
What is the greatest common divisor of 136 and 1751?
17
Calculate the greatest common divisor of 133 and 57.
19
What is the highest common factor of 40479 and 131?
131
Calculate the greatest common factor of 1090 and 20.
10
What is the highest common divisor of 195 and 